{"id":9402,"date":"2019-05-07T13:58:53","date_gmt":"2019-05-07T11:58:53","guid":{"rendered":"http:\/\/www.enavant.es\/?page_id=9402"},"modified":"2019-05-07T13:58:53","modified_gmt":"2019-05-07T11:58:53","slug":"politica-de-privacidad","status":"publish","type":"page","link":"https:\/\/www.enavant.es\/?page_id=9402","title":{"rendered":"Pol\u00edtica de privacidad"},"content":{"rendered":"<p>Enavant, est\u00e1 especialmente sensibilizado en la protecci\u00f3n de datos de car\u00e1cter personal de los Usuarios de los servicios del sitio Web. Mediante la presente Pol\u00edtica de Privacidad (en adelante, la Pol\u00edtica) Enavant informa a los USUARIOS de los sitios web www.enavant.es, de los usos a los que se someten los datos de car\u00e1cter personal que se recaban en sitio Web, con el fin de que decidan, libre y voluntariamente, si desean facilitar la informaci\u00f3n solicitada.<\/p>\n<p>Enavant, se reserva la facultad de modificar esta Pol\u00edtica con el objeto de adaptarla a novedades legislativas, criterios jurisprudenciales, pr\u00e1cticas del sector, o intereses de la entidad. Cualquier modificaci\u00f3n en la misma ser\u00e1 anunciada con la debida antelaci\u00f3n, a fin de que tenga perfecto conocimiento de su contenido.<\/p>\n<p><strong>RESPONSABLE<\/strong><\/p>\n<p>El Responsable del Tratamiento de los datos de car\u00e1cter personal es: ENAVANT COMERCIALIZADORA SL &#8211; B54918008<\/p>\n<p>Domicilio comercial: \u00a0Polig 2 159-a &#8211; Partidade Altabix\u00a0 03201\u00a0 &#8211; (Elche) &#8211; Alacant<\/p>\n<p>Internet: www.enavant.es<\/p>\n<p>Correo Electr\u00f3nico: info@enavant.es<\/p>\n<p><strong>FINALIDAD DEL TRATAMIENTO<\/strong><\/p>\n<p>Los datos de car\u00e1cter personal de los colegiados son objeto de tratamiento por parte Nombre empresa. La finalidad de la recogida de estos datos consiste en:<\/p>\n<ol>\n<li>Gesti\u00f3n de Clientes y Proveedores de (Enavant).<\/li>\n<li>Prestaci\u00f3n de servicios solicitados.<\/li>\n<li>Gesti\u00f3n de compras en nuestra web.<\/li>\n<li>Participaci\u00f3n de los usuarios en promociones comerciales, bonos descuentos, etc\u2026.<\/li>\n<li>Realizar estad\u00edsticas y estudios de mercado.<\/li>\n<li>Env\u00edo de comunicaciones comerciales.<\/li>\n<\/ol>\n<p><strong>PLAZO DE CONSERVACI\u00d3N<\/strong><\/p>\n<p>Los datos personales proporcionados se conservar\u00e1n durante el plazo correspondiente para cumplir con las obligaciones legales, o se solicite su supresi\u00f3n por el interesado y este est\u00e9 legitimado para ello.<\/p>\n<p><strong>LEGITIMACI\u00d3N<\/strong><\/p>\n<p>Enavant, est\u00e1 legitimada al tratamiento de datos personales, en base al consentimiento otorgado por el interesado para uno o varios fines espec\u00edficos, tal y como recoge el art\u00edculo 6.1. a) del Reglamento General de Protecci\u00f3n de datos personales.<\/p>\n<p>El presente sitio web incluye hiperv\u00ednculos (links) que permiten al visitante trasladarse a otras p\u00e1ginas. Enavant no asume responsabilidad alguna en cuanto a la pol\u00edtica de protecci\u00f3n de datos que pudiera haberse adoptado en los mismos.<\/p>\n<p><strong>DESTINATARIOS<\/strong><\/p>\n<p>Enavant no cede a terceras entidades sus datos en general, salvo en los casos en que \u00e9sta sea necesaria para la organizaci\u00f3n de determinadas actividades, o la prestaci\u00f3n de servicios. En todo caso, las cesiones previstas son regularizadas mediante la suscripci\u00f3n de contratos, no pudiendo la entidad cesionaria emplear la informaci\u00f3n cedida para otros fines que los establecidos por Enavant.<\/p>\n<p><strong>DERECHOS DE LOS USUARIOS<\/strong><\/p>\n<p>El interesado de los datos personales, en todo caso podr\u00e1 ejercitar los derechos que le asisten, de acuerdo con el RGPD, y que son:<\/p>\n<ul>\n<li>Derecho a solicitar el acceso a los datos personales relativos al interesado,<\/li>\n<li>Derecho a solicitar su rectificaci\u00f3n o supresi\u00f3n ( derecho al olvido)<\/li>\n<li>Derecho a solicitar la limitaci\u00f3n de su tratamiento,<\/li>\n<li>Derecho a oponerse al tratamiento,<\/li>\n<li>Derecho a la portabilidad de los datos<\/li>\n<\/ul>\n<p>El interesado podr\u00e1 ejercitar tales derechos mediante solicitud acompa\u00f1ada de una fotocopia de su D.N.I, y en la que especificar\u00e1 cu\u00e1l de \u00e9stos solicita sea satisfecho, remitida a la direcci\u00f3n: info@enavant.es<\/p>\n<p><strong>MEDIDAS DE SEGURIDAD<\/strong><\/p>\n<p>El responsable del tratamiento (Enavant) aplicar\u00e1 medidas t\u00e9cnicas y organizativas apropiadas para garantizar un nivel de seguridad adecuado al riesgo del mismo.<\/p>\n<p><strong>USO DE COOKIES<\/strong><\/p>\n<p>Le informamos que nuestro servidor no utiliza cookies ni otros procedimientos invisibles de recogida de informaci\u00f3n, no almacenando ning\u00fan tipo de archivo en su equipo inform\u00e1tico.<\/p>\n<p><strong>CAMBIO DE NORMATIVA<\/strong><\/p>\n<p>Enavant se reserva el derecho de modificar la presente pol\u00edtica con el objeto de adaptarla a las novedades legislativas o jurisprudenciales as\u00ed como las que pudieran derivarse de c\u00f3digos tipo existentes en la materia o por motivos corporativos.<\/p>\n<p>Tales cambios ser\u00e1n comunicados con la antelaci\u00f3n que fuera necesaria en nuestra p\u00e1gina Web, sin perjuicio de reclamar el consentimiento necesario de los afectados cuando \u00e9ste no se considerase otorgado con arreglo a los t\u00e9rminos de la presente pol\u00edtica.<\/p>\n<p>Cualquier duda, preguntas o comentarios que pudiera albergar con referencia a la presente normativa, puede consultarla dirigiendo su comunicaci\u00f3n al respecto a info@enavant.es<\/p>\n<p><strong>1. ASPECTOS GENERALES AVISO LEGAL<\/strong><\/p>\n<p>Lea atentamete el siguiente aviso legal relativo al sitio web de \u00a0(nombre de Enavant)<\/p>\n<p><strong>1.1. Datos identificativos del Prestador de Servicios de la Sociedad de la Informaci\u00f3n <\/strong><\/p>\n<p>En cumplimiento del art\u00edculo 10 de la Ley 34\/2002, de 11 de julio, de Servicios de la Sociedad de la Informaci\u00f3n y Comercio Electr\u00f3nico.<\/p>\n<p>Este portal es titularidad de: ENAVANT COMERCIALIZADORA SL &#8211; B54918008<\/p>\n<p><strong>Domicilio:<\/strong>\u00a0 \u00a0Polig 2 159-a &#8211; Partidade Altabix\u00a0 03201\u00a0 &#8211; (Elche) &#8211; Alacant<br \/>\n<strong>Tel\u00e9fono:<\/strong>\u00a0$telefono<\/p>\n<p><strong>\u00a0Internet:<\/strong>\u00a0 www.enavant.es<br \/>\n<strong>Correo Electr\u00f3nico:<\/strong>\u00a0info@enavant.es<\/p>\n<p><strong>1.2. Aceptaci\u00f3n y vigencia de las condiciones generales y particulares<\/strong><\/p>\n<p>Tanto la navegaci\u00f3n como la utilizaci\u00f3n y\/o pedido de cualesquiera de los productos ofrecidos en esta p\u00e1gina Web le atribuye a Ud. la condici\u00f3n de Usuario y supone su aceptaci\u00f3n plena y sin reservas de todas y cada una de las Condiciones Generales y, en su caso, particulares vigentes en el momento en que Ud. como Usuario acceda a la p\u00e1gina Web.<\/p>\n<p>Enavant se reserva el derecho a ampliar y modificar unilateralmente, en cualquier momento y sin previo aviso, la presentaci\u00f3n, configuraci\u00f3n y contenidos de la p\u00e1gina Web, as\u00ed como suspender temporalmente la presentaci\u00f3n, configuraci\u00f3n, especificaciones t\u00e9cnicas y servicios del sitio web, de la misma forma.<\/p>\n<ol start=\"2\">\n<li><strong> CONDICIONES GENERALES DE USO DEL SITIO WEB<\/strong><\/li>\n<\/ol>\n<p><strong>2.1.- Obligaciones de uso<\/strong><\/p>\n<p>Con car\u00e1cter general, el Usuario se obliga al cumplimiento de las presentes condiciones y t\u00e9rminos de uso, y obrar siempre conforme a la ley, a las buenas costumbres y a las exigencias de la buena fe, empleando la diligencia adecuada a la naturaleza del servicio del que disfruta, y absteni\u00e9ndose de utilizar el presente sitio web de cualquier forma que pueda impedir, da\u00f1ar o deteriorar el normal funcionamiento del mismo, los bienes o derechos del titular (Enavant), del resto de Usuarios o, en general, de cualquier tercero.<\/p>\n<p>En particular, y sin que ello implique restricci\u00f3n alguna a la obligaci\u00f3n asumida por el Usuario con car\u00e1cter general de conformidad con el apartado anterior, el Usuario se obliga, en la utilizaci\u00f3n del presente sitio web a:<\/p>\n<ul>\n<li>En caso de que se le facilite, el Usuario debe custodiar adecuadamente el \u201cNombre de Usuario\u201d y la \u201cContrase\u00f1a\u201d que le sea facilitada por (Enavant), como elementos identificadores y habilitadores para el acceso a los distintos servicios ofrecidos en el sitio web, comprometi\u00e9ndose a no ceder su uso ni a permitir el acceso a ellos de terceros, asumiendo la responsabilidad por los da\u00f1os y perjuicios que pudieran derivarse de un uso indebido de los mismos.<\/li>\n<li>No introducir, almacenar o difundir en o desde el sitio web, cualquier informaci\u00f3n o material que fuera difamatorio, injurioso, obsceno, amenazador, xen\u00f3fobo, incite a la violencia a la discriminaci\u00f3n por raz\u00f3n de raza, sexo, ideolog\u00eda, religi\u00f3n o que de cualquier forma atente contra la moral, el orden p\u00fablico, los derechos fundamentales, las libertades p\u00fablicas, el honor, la intimidad o la imagen de terceros y, en general, que vulnere la normativa vigente espa\u00f1ola y de su pa\u00eds de residencia.<\/li>\n<li>No introducir, almacenar o difundir mediante el sitio web ning\u00fan programa de ordenador, datos, virus, c\u00f3digo, o cualquier otro fichero que sea susceptible de causar da\u00f1os o cualquier tipo de alteraci\u00f3n en el sitio web, en cualquiera de los servicios, o en cualquiera de los equipos, sistemas o redes Nombre empresa de cualquier Usuario, o en general de cualquier tercero, que pueda impedir el normal funcionamiento de los mismos.<\/li>\n<li>No destruir, alterar, utilizar para su uso, inutilizar o da\u00f1ar los datos, informaciones, programas, documentos electr\u00f3nicos, o, en general, los ficheros, Nombre empresa de los Usuarios o de terceros.<\/li>\n<\/ul>\n<p>Enavant podr\u00e1, en todo momento y sin previo aviso, modificar las presentes Condiciones Generales, as\u00ed como las Condiciones Particulares que, en su caso, se incluyan, mediante la publicaci\u00f3n de dichas modificaciones en el sitio web con el fin de que puedan ser conocidas por los Usuarios.<\/p>\n<p><strong>2.2.- Exoneraci\u00f3n de responsabilidad<\/strong><\/p>\n<p>Enavant no otorga ninguna garant\u00eda ni se hace responsable, en ning\u00fan caso, de los da\u00f1os y perjuicios de cualquier naturaleza que pudieran traer a causa de:<\/p>\n<ul>\n<li>Con car\u00e1cter general, respecto del uso inadecuado de su sitio web. Los usuarios deber\u00e1n realizar un uso adecuado del mismo, de acuerdo con las condiciones y t\u00e9rminos anteriores, sin que ninguna responsabilidad pueda tener el titular por la utilizaci\u00f3n indebida.<\/li>\n<li>Respecto de posibles deficiencias t\u00e9cnicas. Enavant no ser\u00e1 responsable en ning\u00fan caso de las alteraciones en el servicio que se produzcan por fallos en la red el\u00e9ctrica, en la red de conexi\u00f3n de datos, en el servidor o en cualesquiera prestaciones.<\/li>\n<li>Respecto al acceso por terceros a su sistema. Enavant adoptar\u00e1 las cautelas t\u00e9cnicas necesarias a fin de proteger los datos e informaci\u00f3n a la que se accede, pero sin que sea responsable de actuaciones de terceros que, vulnerando las medidas de seguridad establecidas, accedan a los citados datos.<\/li>\n<li>Enavant invierte constantemente en medios tecnol\u00f3gicos que intentan minimizar el riesgo de virus y software similar, y contenidos no autorizados en sus sistemas de informaci\u00f3n. A pesar de ello, el Usuario es consciente de que debe adoptar sus propias medidas orientadas a minimizar los da\u00f1os ocasionados por software no autorizado, virus, troyanos y cualquier clase del software denominado mal-ware, eximiendo a Enavant de toda responsabilidad que pudiese derivarse de la contenci\u00f3n de malware en los tratamientos habilitados en la presente web.<\/li>\n<\/ul>\n<p><strong>2.3.- Utilizaci\u00f3n de hiperenlaces<\/strong><\/p>\n<p>El usuario de Internet que quiera introducir enlaces desde sus propias Webs a la P\u00e1gina Web deber\u00e1 cumplir con las condiciones que se detallan a continuaci\u00f3n sin que el desconocimiento de las mismas evite las responsabilidades derivadas de la Ley.<\/p>\n<p>El enlace \u00fanicamente vincular\u00e1 con la home page o p\u00e1gina principal de la p\u00e1gina Web pero no podr\u00e1 reproducirla de ninguna forma (inline links, copia de los textos, gr\u00e1ficos, etc.). Quedar\u00e1 en todo caso prohibido, de acuerdo con la legislaci\u00f3n aplicable y vigente en cada momento, establecer frames o marcos de cualquier tipo que envuelvan a la p\u00e1gina Web o permitan la visualizaci\u00f3n de los contenidos a trav\u00e9s de direcciones de Internet distintas a las de la p\u00e1gina Web y, en cualquier caso, cuando se visualicen conjuntamente con contenidos ajenos a la P\u00e1gina Web de forma que: (I) produzca, o pueda producir, error, confusi\u00f3n o enga\u00f1o en los usuarios sobre la verdadera procedencia del servicio o Contenidos; (II) suponga un acto de comparaci\u00f3n o imitaci\u00f3n desleal; (III) sirva para aprovechar la reputaci\u00f3n de la marca y prestigio Nombre empresa; o (IV) de cualquier otra forma resulte prohibido por la legislaci\u00f3n vigente.<\/p>\n<p>No se realizar\u00e1n desde la p\u00e1gina que introduce el enlace ning\u00fan tipo de manifestaci\u00f3n falsa, inexacta o incorrecta sobre Enavant su direcci\u00f3n, empleados, clientes o sobre la calidad de los servicios que presta.<\/p>\n<p>En ning\u00fan caso, se expresar\u00e1 en la p\u00e1gina donde se ubique el enlace que Enavant ha prestado su consentimiento para la inserci\u00f3n del enlace o que de otra forma patrocina, colabora, verifica o supervisa los servicios del remitente.<\/p>\n<p>Est\u00e1 prohibida la utilizaci\u00f3n de cualquier marca denominativa, gr\u00e1fica o mixta o cualquier otro signo distintivo Nombre empresa dentro de la p\u00e1gina del remitente salvo en los casos permitidos por la ley o expresamente autorizados por Enavant y siempre que se permita, en estos casos, un enlace directo con la p\u00e1gina Web en la forma establecida en esta cl\u00e1usula.<\/p>\n<p>La p\u00e1gina que establezca el enlace deber\u00e1 cumplir fielmente con la ley y no podr\u00e1 en ning\u00fan caso disponer o enlazar con contenidos propios o de terceros que: (I) sean il\u00edcitos, nocivos o contrarios a la moral y a las buenas costumbres (pornogr\u00e1ficos, violentos, racistas, etc.); (II) induzcan o puedan inducir en el Usuario la falsa concepci\u00f3n de que Enavant suscribe, respalda, se adhiere o de cualquier manera apoya, las ideas, manifestaciones o expresiones, l\u00edcitas o il\u00edcitas, del remitente; (III) resulten inapropiados o no pertinentes con la actividad de en atenci\u00f3n al lugar, contenidos y tem\u00e1tica de la p\u00e1gina Web del remitente. Igualmente, el Usuario se abstendr\u00e1 de incluir en la p\u00e1gina Web cualquier hiperenlace (en adelante, \u00ablink\u00bb) dirigido a una p\u00e1gina Web que contenga informaci\u00f3n o contenidos il\u00edcitos, contrarios a la moral y buenas costumbres generalmente aceptadas, y al orden p\u00fablico.<\/p>\n<p><strong>2.4.- Propiedad intelectual e industrial<\/strong><\/p>\n<p>La estructura, dise\u00f1o y forma de presentaci\u00f3n de los elementos disponibles en la presente web (gr\u00e1ficos, im\u00e1genes, fotograf\u00edas, muestras y materiales que aparecen en los mismos, tecnolog\u00edas industriales, ficheros, logotipos, combinaciones de colores y cualquier elemento susceptible de protecci\u00f3n) est\u00e1n protegidos por derechos de propiedad intelectual e industrial titularidad de (Enavant) o sobre los que se han obtenido los derechos de uso correspondientes.<\/p>\n<p>Est\u00e1 prohibida la reproducci\u00f3n, transformaci\u00f3n, distribuci\u00f3n, comunicaci\u00f3n p\u00fablica, puesta a disposici\u00f3n del p\u00fablico y, en general, cualquier otra forma de explotaci\u00f3n, parcial o total de los elementos referidos en el apartado anterior. Su publicaci\u00f3n en otras p\u00e1ginas web o en otros medios de comunicaci\u00f3n digitales o escritos requiere el consentimiento expreso del titular de la web, y, en todo caso, deber\u00e1n hacer referencia expl\u00edcita a la titularidad de los citados derechos de propiedad intelectual de (Nombre empresa.)<\/p>\n<p>No se permite la utilizaci\u00f3n de los signos distintivos (marcas, nombres comerciales), salvo autorizaci\u00f3n expresa de los leg\u00edtimos titulares.<\/p>\n<p>Salvo autorizaci\u00f3n expresa (Enavant), no se permite el enlace a \u201cp\u00e1ginas finales\u201d, el \u201cframe\u201d y cualquier otra manipulaci\u00f3n similar. Los enlaces deben ser siempre a la p\u00e1gina principal o homepage del sitio web.<\/p>\n<p><strong>2.5.- Jurisdicci\u00f3n y legislaci\u00f3n aplicable <\/strong><\/p>\n<p>Las presentes Condiciones Generales se encuentran sometidas a la legislaci\u00f3n y jurisdicci\u00f3n espa\u00f1olas.<\/p>\n<p>Enavant y el Usuario, independientemente de su domicilio, con renuncia expresa a cualquier otro fuero que pudiera corresponderles, se someten a la Jurisdicci\u00f3n de los Juzgados y Tribunales de Elche para cuantas cuestiones pudieran suscitarse o acciones ejercitarse derivadas de la prestaci\u00f3n del servicio del Web y de sus servicios y contenidos y sobre la interpretaci\u00f3n, aplicaci\u00f3n, cumplimiento o incumplimiento de lo aqu\u00ed establecido.<\/p>\n","protected":false},"excerpt":{"rendered":"<p>Enavant, est\u00e1 especialmente sensibilizado en la protecci\u00f3n de datos de car\u00e1cter personal de los Usuarios de los servicios del sitio Web. Mediante la presente Pol\u00edtica de Privacidad (en adelante, la Pol\u00edtica) Enavant informa a los USUARIOS de los sitios web&#8230;<\/p>\n","protected":false},"author":1,"featured_media":0,"parent":0,"menu_order":0,"comment_status":"closed","ping_status":"closed","template":"","meta":[],"_links":{"self":[{"href":"https:\/\/www.enavant.es\/index.php?rest_route=\/wp\/v2\/pages\/9402"}],"collection":[{"href":"https:\/\/www.enavant.es\/index.php?rest_route=\/wp\/v2\/pages"}],"about":[{"href":"https:\/\/www.enavant.es\/index.php?rest_route=\/wp\/v2\/types\/page"}],"author":[{"embeddable":true,"href":"https:\/\/www.enavant.es\/index.php?rest_route=\/wp\/v2\/users\/1"}],"replies":[{"embeddable":true,"href":"https:\/\/www.enavant.es\/index.php?rest_route=%2Fwp%2Fv2%2Fcomments&post=9402"}],"version-history":[{"count":1,"href":"https:\/\/www.enavant.es\/index.php?rest_route=\/wp\/v2\/pages\/9402\/revisions"}],"predecessor-version":[{"id":9403,"href":"https:\/\/www.enavant.es\/index.php?rest_route=\/wp\/v2\/pages\/9402\/revisions\/9403"}],"wp:attachment":[{"href":"https:\/\/www.enavant.es\/index.php?rest_route=%2Fwp%2Fv2%2Fmedia&parent=9402"}],"curies":[{"name":"wp","href":"https:\/\/api.w.org\/{rel}","templated":true}]}}